{"id":5,"date":"2008-05-19T12:54:45","date_gmt":"2008-05-19T10:54:45","guid":{"rendered":"http:\/\/www.zweitfrau.eu\/wordpress\/?page_id=5"},"modified":"2018-01-26T21:11:51","modified_gmt":"2018-01-26T19:11:51","slug":"lifeball-2008-wien-rathausplatz","status":"publish","type":"page","link":"http:\/\/www.zweitfrau.eu\/wordpress\/foto-galerie\/lifeball-2008-wien-rathausplatz\/","title":{"rendered":"Lifeball"},"content":{"rendered":"<p>am 17.05.2008:<br \/>\nWer geglaubt hat, der Life Ball der vergangenen Jahre sei nicht mehr zu \u00fcberbieten, wurde Samstagnacht eines Besseren belehrt. Noch schriller und schillernder ging das Aids-Charity-Event unter dem Motto <strong>&#8222;Landing on Planet Life Ball&#8220;<\/strong> in und vor dem Wiener Rathaus \u00fcber die B\u00fchne. Ein H\u00f6hepunkt f\u00fcr Zweitfraufans schlechthin war die Neuinterpretation Falcos <i>Vienna Calling<\/i>, die Zweitfrau gemeinsam mit Valerie und Vincent Bueno beisteuerten.<br \/>\n&nbsp;<br \/> <br \/>\n<center>ngg_shortcode_0_placeholder<\/center><br \/>\n<span style=\"font-size:9pt;\">&copy; 2008 by Fanclub<\/span><\/p>\n","protected":false},"excerpt":{"rendered":"<p>am 17.05.2008: Wer geglaubt hat, der Life Ball der vergangenen Jahre sei nicht mehr zu \u00fcberbieten, wurde Samstagnacht eines Besseren belehrt. Noch schriller und schillernder ging das Aids-Charity-Event unter dem Motto &#8222;Landing on Planet Life Ball&#8220; in und vor dem Wiener Rathaus \u00fcber die B\u00fchne. Ein H\u00f6hepunkt f\u00fcr Zweitfraufans schlechthin war die Neuinterpretation Falcos Vienna [&hellip;]<\/p>\n","protected":false},"author":1,"featured_media":0,"parent":4,"menu_order":2,"comment_status":"open","ping_status":"open","template":"","meta":{"ngg_post_thumbnail":0,"footnotes":""},"class_list":["post-5","page","type-page","status-publish","hentry"],"_links":{"self":[{"href":"http:\/\/www.zweitfrau.eu\/wordpress\/wp-json\/wp\/v2\/pages\/5","targetHints":{"allow":["GET"]}}],"collection":[{"href":"http:\/\/www.zweitfrau.eu\/wordpress\/wp-json\/wp\/v2\/pages"}],"about":[{"href":"http:\/\/www.zweitfrau.eu\/wordpress\/wp-json\/wp\/v2\/types\/page"}],"author":[{"embeddable":true,"href":"http:\/\/www.zweitfrau.eu\/wordpress\/wp-json\/wp\/v2\/users\/1"}],"replies":[{"embeddable":true,"href":"http:\/\/www.zweitfrau.eu\/wordpress\/wp-json\/wp\/v2\/comments?post=5"}],"version-history":[{"count":0,"href":"http:\/\/www.zweitfrau.eu\/wordpress\/wp-json\/wp\/v2\/pages\/5\/revisions"}],"up":[{"embeddable":true,"href":"http:\/\/www.zweitfrau.eu\/wordpress\/wp-json\/wp\/v2\/pages\/4"}],"wp:attachment":[{"href":"http:\/\/www.zweitfrau.eu\/wordpress\/wp-json\/wp\/v2\/media?parent=5"}],"curies":[{"name":"wp","href":"https:\/\/api.w.org\/{rel}","templated":true}]}}