{"id":734,"date":"2010-06-10T12:37:30","date_gmt":"2010-06-10T10:37:30","guid":{"rendered":"http:\/\/www.zweitfrau.eu\/wordpress\/?page_id=734"},"modified":"2010-06-10T12:52:19","modified_gmt":"2010-06-10T10:52:19","slug":"zf-in-gratwein","status":"publish","type":"page","link":"http:\/\/www.zweitfrau.eu\/wordpress\/video\/zf-in-gratwein\/","title":{"rendered":"ZF in Gratwein"},"content":{"rendered":"<p><span style=\"line-height: 12pt;\">Unter dem harmlosen Motto &#8222;Zweitfrau Remixed&#8220; erlebten die Besucher bei der Neuer\u00f6ffnung des Bades Weiherm\u00fchle am Samstag, den 05.Juni in Gratwein ein Zweitfrau-Trio. Und wie und was da remixed wurde &#8211; eine riesengro\u00dfe \u00dcberraschung, ein Schritt in die Zukunft?<br \/>\nMartin und Lex an den Gitarren, Synthis, Computern, Keyboard und Diana als Laszive, wie man die extravagante S\u00e4ngerin noch nie erlebte am Mikro und an den Drums. Ihr Outfit war ein Hammer f\u00fcr die Fans, der Zuspruch war gigantisch und als der Song &#8218;Boy, Come On Rock Me&#8216; ert\u00f6nte war der H\u00f6hepunkt des Abends gegeben und viele m\u00e4nnlichen Fans h\u00e4tten den Song bald falsch verstanden.<br \/>\nEin unbekannter Fan hat uns ein Video gebracht, das wir ungeschnitten ver\u00f6ffentlichen. \u00dcberzeuge Dich selbst und lass Dich elektrisieren!!&nbsp;<br \/><\/span><\/p>\n<div style=\"position:relative; left:60px;\"><p id=\"player1\" style=\"display:none\"><a href=\"http:\/\/www.macromedia.com\/go\/getflashplayer\">Get the latest Flash Player<\/a> to see this player.<\/p>\n<noscript><p>[Javascript required to view Flash movie, please turn it on and refresh this page]<\/p><\/noscript>\n\n<script type=\"text\/javascript\">\n\tdocument.getElementById(\"player1\").style.display = \"\";\n\t\n\tvar s1 = new SWFObject(\"http:\/\/www.zweitfrau.eu\/wordpress\/wp-content\/plugins\/flv-embed\/flvplayer.swf\",\"player1\",\"368\",\"228\",\"7\");\n\ts1.addParam(\"wmode\",\"transparent\");\n\ts1.addParam(\"allowscriptaccess\",\"always\");\n\ts1.addParam(\"allowfullscreen\",\"true\");\n\ts1.addVariable(\"height\",\"228\");\n\ts1.addVariable(\"width\",\"368\"); \n\ts1.addVariable(\"file\",\"http:\/\/www.zweitfrau.eu\/wordpress\/wp-content\/uploads\/zf_remixed_05062010_gratwein.flv\");\n\ts1.addVariable(\"image\",\"http:\/\/www.zweitfrau.eu\/wordpress\/wp-content\/uploads\/zf_remixed_05062010_gratwein.jpg\");\n\ts1.addVariable(\"link\",\"http:\/\/www.zweitfrau.eu\/wordpress\/wp-content\/uploads\/zf_remixed_05062010_gratwein.flv\");\n\ts1.addVariable(\"showicons\",\"false\");\n\ts1.addVariable(\"showstop\",\"true\");\n\ts1.write(\"player1\");\n<\/script><\/div>\n<p><span style=\"font-size:8pt;\">&copy;<\/span> by Unknown Fan<\/p>\n","protected":false},"excerpt":{"rendered":"<p>Unter dem harmlosen Motto &#8222;Zweitfrau Remixed&#8220; erlebten die Besucher bei der Neuer\u00f6ffnung des Bades Weiherm\u00fchle am Samstag, den 05.Juni in Gratwein ein Zweitfrau-Trio. Und wie und was da remixed wurde &#8211; eine riesengro\u00dfe \u00dcberraschung, ein Schritt in die Zukunft? Martin und Lex an den Gitarren, Synthis, Computern, Keyboard und Diana als Laszive, wie man die [&hellip;]<\/p>\n","protected":false},"author":24,"featured_media":0,"parent":3,"menu_order":0,"comment_status":"closed","ping_status":"closed","template":"","meta":{"ngg_post_thumbnail":0,"footnotes":""},"class_list":["post-734","page","type-page","status-publish","hentry"],"_links":{"self":[{"href":"http:\/\/www.zweitfrau.eu\/wordpress\/wp-json\/wp\/v2\/pages\/734","targetHints":{"allow":["GET"]}}],"collection":[{"href":"http:\/\/www.zweitfrau.eu\/wordpress\/wp-json\/wp\/v2\/pages"}],"about":[{"href":"http:\/\/www.zweitfrau.eu\/wordpress\/wp-json\/wp\/v2\/types\/page"}],"author":[{"embeddable":true,"href":"http:\/\/www.zweitfrau.eu\/wordpress\/wp-json\/wp\/v2\/users\/24"}],"replies":[{"embeddable":true,"href":"http:\/\/www.zweitfrau.eu\/wordpress\/wp-json\/wp\/v2\/comments?post=734"}],"version-history":[{"count":0,"href":"http:\/\/www.zweitfrau.eu\/wordpress\/wp-json\/wp\/v2\/pages\/734\/revisions"}],"up":[{"embeddable":true,"href":"http:\/\/www.zweitfrau.eu\/wordpress\/wp-json\/wp\/v2\/pages\/3"}],"wp:attachment":[{"href":"http:\/\/www.zweitfrau.eu\/wordpress\/wp-json\/wp\/v2\/media?parent=734"}],"curies":[{"name":"wp","href":"https:\/\/api.w.org\/{rel}","templated":true}]}}